{"id":290,"date":"2022-07-25T17:48:48","date_gmt":"2022-07-25T17:48:48","guid":{"rendered":"https:\/\/ncds.sk\/?page_id=290"},"modified":"2022-07-27T11:25:22","modified_gmt":"2022-07-27T11:25:22","slug":"diabetes-diabetes-mellitus-1-typu","status":"publish","type":"page","link":"https:\/\/www.ncds.sk\/base\/?page_id=290","title":{"rendered":"Diabetes Diabetes mellitus 1. typu"},"content":{"rendered":"\t\t<div data-elementor-type=\"wp-page\" data-elementor-id=\"290\" class=\"elementor elementor-290\">\n\t\t\t\t\t\t\t\t\t<section class=\"elementor-section elementor-top-section elementor-element elementor-element-7e9de52 elementor-section-boxed elementor-section-height-default elementor-section-height-default\" data-id=\"7e9de52\" data-element_type=\"section\" data-settings=\"{&quot;_ha_eqh_enable&quot;:false}\">\n\t\t\t\t\t\t<div class=\"elementor-container elementor-column-gap-default\">\n\t\t\t\t\t<div class=\"elementor-column elementor-col-100 elementor-top-column elementor-element elementor-element-09b73ae\" data-id=\"09b73ae\" data-element_type=\"column\">\n\t\t\t<div class=\"elementor-widget-wrap elementor-element-populated\">\n\t\t\t\t\t\t\t\t<div class=\"elementor-element elementor-element-4dcbbc7 elementor-widget elementor-widget-heading\" data-id=\"4dcbbc7\" data-element_type=\"widget\" data-widget_type=\"heading.default\">\n\t\t\t\t<div class=\"elementor-widget-container\">\n\t\t\t<style>\/*! elementor - v3.6.5 - 27-04-2022 *\/\n.elementor-heading-title{padding:0;margin:0;line-height:1}.elementor-widget-heading .elementor-heading-title[class*=elementor-size-]>a{color:inherit;font-size:inherit;line-height:inherit}.elementor-widget-heading .elementor-heading-title.elementor-size-small{font-size:15px}.elementor-widget-heading .elementor-heading-title.elementor-size-medium{font-size:19px}.elementor-widget-heading .elementor-heading-title.elementor-size-large{font-size:29px}.elementor-widget-heading .elementor-heading-title.elementor-size-xl{font-size:39px}.elementor-widget-heading .elementor-heading-title.elementor-size-xxl{font-size:59px}<\/style><h2 class=\"elementor-heading-title elementor-size-default\">Diabetes mellitus 1. typu | T1DM<\/h2>\t\t<\/div>\n\t\t\t\t<\/div>\n\t\t\t\t\t<\/div>\n\t\t<\/div>\n\t\t\t\t\t\t\t<\/div>\n\t\t<\/section>\n\t\t\t\t<section class=\"elementor-section elementor-top-section elementor-element elementor-element-62f28ab elementor-section-boxed elementor-section-height-default elementor-section-height-default\" data-id=\"62f28ab\" data-element_type=\"section\" data-settings=\"{&quot;_ha_eqh_enable&quot;:false}\">\n\t\t\t\t\t\t<div class=\"elementor-container elementor-column-gap-default\">\n\t\t\t\t\t<div class=\"elementor-column elementor-col-50 elementor-top-column elementor-element elementor-element-a59884a\" data-id=\"a59884a\" data-element_type=\"column\">\n\t\t\t<div class=\"elementor-widget-wrap elementor-element-populated\">\n\t\t\t\t\t\t\t\t<div class=\"elementor-element elementor-element-42276b3 elementor-widget elementor-widget-text-editor\" data-id=\"42276b3\" data-element_type=\"widget\" data-widget_type=\"text-editor.default\">\n\t\t\t\t<div class=\"elementor-widget-container\">\n\t\t\t<style>\/*! elementor - v3.6.5 - 27-04-2022 *\/\n.elementor-widget-text-editor.elementor-drop-cap-view-stacked .elementor-drop-cap{background-color:#818a91;color:#fff}.elementor-widget-text-editor.elementor-drop-cap-view-framed .elementor-drop-cap{color:#818a91;border:3px solid;background-color:transparent}.elementor-widget-text-editor:not(.elementor-drop-cap-view-default) .elementor-drop-cap{margin-top:8px}.elementor-widget-text-editor:not(.elementor-drop-cap-view-default) .elementor-drop-cap-letter{width:1em;height:1em}.elementor-widget-text-editor .elementor-drop-cap{float:left;text-align:center;line-height:1;font-size:50px}.elementor-widget-text-editor .elementor-drop-cap-letter{display:inline-block}<\/style>\t\t\t\t<p>Diabetes mellitus 1. typu (T1DM) ozna\u010dovan\u00fd aj pojmami \u201einzul\u00edn-dependentn\u00fd\u201c diabetes mellitus (IDDM) alebo \u201ejuveniln\u00fd diabetes mellitus\u201c. <br \/><br \/><\/p><p>T1DM je org\u00e1novo \u0161pecifick\u00e9 autoimunitn\u00e9 ochorenie, v d\u00f4sledku ktor\u00e9ho je bunkami imunitn\u00e9ho syst\u00e9mu sprostredkovan\u00e1 de\u0161trukcia b-buniek Langerhansov\u00fdch ostrov\u010dekov pankreasu.\u00a0<\/p><p>V\u00fdsledkom je insuficiencia alebo a\u017e \u00fapln\u00e9 zlyhanie sekr\u00e9cie inzul\u00ednu.<\/p>\t\t\t\t\t\t<\/div>\n\t\t\t\t<\/div>\n\t\t\t\t\t<\/div>\n\t\t<\/div>\n\t\t\t\t<div class=\"elementor-column elementor-col-50 elementor-top-column elementor-element elementor-element-d9226e3\" data-id=\"d9226e3\" data-element_type=\"column\">\n\t\t\t<div class=\"elementor-widget-wrap elementor-element-populated\">\n\t\t\t\t\t\t\t\t<div class=\"elementor-element elementor-element-ce285ae elementor-widget elementor-widget-image\" data-id=\"ce285ae\" data-element_type=\"widget\" data-widget_type=\"image.default\">\n\t\t\t\t<div class=\"elementor-widget-container\">\n\t\t\t<style>\/*! elementor - v3.6.5 - 27-04-2022 *\/\n.elementor-widget-image{text-align:center}.elementor-widget-image a{display:inline-block}.elementor-widget-image a img[src$=\".svg\"]{width:48px}.elementor-widget-image img{vertical-align:middle;display:inline-block}<\/style>\t\t\t\t\t\t\t\t\t\t\t\t<img loading=\"lazy\" decoding=\"async\" width=\"825\" height=\"464\" src=\"https:\/\/www.ncds.sk\/base\/wp-content\/uploads\/2022\/07\/lekar-cukrovka-diabetes-glukomer-inzulin-clanokW-1.jpg\" class=\"attachment-large size-large\" alt=\"\" srcset=\"https:\/\/www.ncds.sk\/base\/wp-content\/uploads\/2022\/07\/lekar-cukrovka-diabetes-glukomer-inzulin-clanokW-1.jpg 825w, https:\/\/www.ncds.sk\/base\/wp-content\/uploads\/2022\/07\/lekar-cukrovka-diabetes-glukomer-inzulin-clanokW-1-300x169.jpg 300w, https:\/\/www.ncds.sk\/base\/wp-content\/uploads\/2022\/07\/lekar-cukrovka-diabetes-glukomer-inzulin-clanokW-1-768x432.jpg 768w, https:\/\/www.ncds.sk\/base\/wp-content\/uploads\/2022\/07\/lekar-cukrovka-diabetes-glukomer-inzulin-clanokW-1-600x337.jpg 600w\" sizes=\"auto, (max-width: 825px) 100vw, 825px\" \/>\t\t\t\t\t\t\t\t\t\t\t\t\t\t\t<\/div>\n\t\t\t\t<\/div>\n\t\t\t\t\t<\/div>\n\t\t<\/div>\n\t\t\t\t\t\t\t<\/div>\n\t\t<\/section>\n\t\t\t\t<section class=\"elementor-section elementor-top-section elementor-element elementor-element-119e828 elementor-section-boxed elementor-section-height-default elementor-section-height-default\" data-id=\"119e828\" data-element_type=\"section\" data-settings=\"{&quot;_ha_eqh_enable&quot;:false}\">\n\t\t\t\t\t\t<div class=\"elementor-container elementor-column-gap-default\">\n\t\t\t\t\t<div class=\"elementor-column elementor-col-100 elementor-top-column elementor-element elementor-element-8a8217b\" data-id=\"8a8217b\" data-element_type=\"column\">\n\t\t\t<div class=\"elementor-widget-wrap elementor-element-populated\">\n\t\t\t\t\t\t\t\t<div class=\"elementor-element elementor-element-f8c653a elementor-widget elementor-widget-text-editor\" data-id=\"f8c653a\" data-element_type=\"widget\" data-widget_type=\"text-editor.default\">\n\t\t\t\t<div class=\"elementor-widget-container\">\n\t\t\t\t\t\t\t<p>T1DM predstavuje v\u00e1\u017ene ochorenie, nako\u013eko v d\u00f4sledku komplik\u00e1ci\u00ed v\u00fdznamne zvy\u0161uje morbiditu, mortalitu a zhor\u0161uje kvalitu \u017eivota pacientov. Sprievodn\u00e9 komplik\u00e1cie postihuj\u00fa prakticky cel\u00fd organizmus. Naj\u010dastej\u0161ie komplik\u00e1cie s\u00favisia s postihnut\u00edm ciev a del\u00edme ich na mikrovaskul\u00e1rne (retinopatia, nefropatia, neuropatia) a makrovaskul\u00e1rne (ischemick\u00e1 choroba srdca, mozgu a doln\u00fdch kon\u010dat\u00edn). Pre pacientov postihnut\u00fdch patol\u00f3giou T1DM s\u00fa charakteristickej\u0161ie mikrovaskul\u00e1rne komplik\u00e1cie.<\/p>\t\t\t\t\t\t<\/div>\n\t\t\t\t<\/div>\n\t\t\t\t\t<\/div>\n\t\t<\/div>\n\t\t\t\t\t\t\t<\/div>\n\t\t<\/section>\n\t\t\t\t<section class=\"elementor-section elementor-top-section elementor-element elementor-element-11b7ff7 elementor-section-boxed elementor-section-height-default elementor-section-height-default\" data-id=\"11b7ff7\" data-element_type=\"section\" data-settings=\"{&quot;_ha_eqh_enable&quot;:false}\">\n\t\t\t\t\t\t<div class=\"elementor-container elementor-column-gap-default\">\n\t\t\t\t\t<div class=\"elementor-column elementor-col-100 elementor-top-column elementor-element elementor-element-ba4cf24\" data-id=\"ba4cf24\" data-element_type=\"column\">\n\t\t\t<div class=\"elementor-widget-wrap elementor-element-populated\">\n\t\t\t\t\t\t\t\t<div class=\"elementor-element elementor-element-1fbd34e elementor-widget elementor-widget-heading\" data-id=\"1fbd34e\" data-element_type=\"widget\" data-widget_type=\"heading.default\">\n\t\t\t\t<div class=\"elementor-widget-container\">\n\t\t\t<h2 class=\"elementor-heading-title elementor-size-default\">Diagnostick\u00e9 znaky<\/h2>\t\t<\/div>\n\t\t\t\t<\/div>\n\t\t\t\t\t<\/div>\n\t\t<\/div>\n\t\t\t\t\t\t\t<\/div>\n\t\t<\/section>\n\t\t\t\t<section class=\"elementor-section elementor-top-section elementor-element elementor-element-1d78d16 elementor-section-boxed elementor-section-height-default elementor-section-height-default\" data-id=\"1d78d16\" data-element_type=\"section\" data-settings=\"{&quot;_ha_eqh_enable&quot;:false}\">\n\t\t\t\t\t\t<div class=\"elementor-container elementor-column-gap-default\">\n\t\t\t\t\t<div class=\"elementor-column elementor-col-50 elementor-top-column elementor-element elementor-element-4a43947\" data-id=\"4a43947\" data-element_type=\"column\">\n\t\t\t<div class=\"elementor-widget-wrap elementor-element-populated\">\n\t\t\t\t\t\t\t\t<div class=\"elementor-element elementor-element-0dfc035 elementor-widget elementor-widget-image\" data-id=\"0dfc035\" data-element_type=\"widget\" data-widget_type=\"image.default\">\n\t\t\t\t<div class=\"elementor-widget-container\">\n\t\t\t\t\t\t\t\t\t\t\t\t\t\t\t<img loading=\"lazy\" decoding=\"async\" width=\"996\" height=\"480\" src=\"https:\/\/www.ncds.sk\/base\/wp-content\/uploads\/2022\/07\/xo558bdeefa00ea-diabetes2022015.jpg.pagespeed.ic_.nyD7D0zUy9.jpg\" class=\"attachment-large size-large\" alt=\"\" srcset=\"https:\/\/www.ncds.sk\/base\/wp-content\/uploads\/2022\/07\/xo558bdeefa00ea-diabetes2022015.jpg.pagespeed.ic_.nyD7D0zUy9.jpg 996w, https:\/\/www.ncds.sk\/base\/wp-content\/uploads\/2022\/07\/xo558bdeefa00ea-diabetes2022015.jpg.pagespeed.ic_.nyD7D0zUy9-300x145.jpg 300w, https:\/\/www.ncds.sk\/base\/wp-content\/uploads\/2022\/07\/xo558bdeefa00ea-diabetes2022015.jpg.pagespeed.ic_.nyD7D0zUy9-768x370.jpg 768w, https:\/\/www.ncds.sk\/base\/wp-content\/uploads\/2022\/07\/xo558bdeefa00ea-diabetes2022015.jpg.pagespeed.ic_.nyD7D0zUy9-600x289.jpg 600w\" sizes=\"auto, (max-width: 996px) 100vw, 996px\" \/>\t\t\t\t\t\t\t\t\t\t\t\t\t\t\t<\/div>\n\t\t\t\t<\/div>\n\t\t\t\t\t<\/div>\n\t\t<\/div>\n\t\t\t\t<div class=\"elementor-column elementor-col-50 elementor-top-column elementor-element elementor-element-9085b6e\" data-id=\"9085b6e\" data-element_type=\"column\">\n\t\t\t<div class=\"elementor-widget-wrap elementor-element-populated\">\n\t\t\t\t\t\t\t\t<div class=\"elementor-element elementor-element-2a86753 elementor-widget elementor-widget-text-editor\" data-id=\"2a86753\" data-element_type=\"widget\" data-widget_type=\"text-editor.default\">\n\t\t\t\t<div class=\"elementor-widget-container\">\n\t\t\t\t\t\t\t<ul><li>Laborat\u00f3rne je charakteristick\u00e1 hyperglyk\u00e9mia a n\u00edzky (&lt;0.15 nmol\/l) a\u017e ch\u00fdbaj\u00faci C-peptid v plazme. V pr\u00edpade nejednozna\u010dn\u00e9ho klinick\u00e9ho obrazu a intermedi\u00e1rnych hlad\u00edn C-peptidu (0.15-0.30 nmol\/l) napom\u00e1ha pozitivita autoprotil\u00e1tok,<\/li><li>Pr\u00edtomnos\u0165 cirkuluj\u00facich autoprotil\u00e1tok proti antig\u00e9nov\u00fdm \u0161trukt\u00faram b-buniek: proti dekarboxyl\u00e1ze kyseliny glut\u00e1movej (GAD), tyroz\u00edn fosfat\u00e1ze (IA2A), inzul\u00ednu (IAA) a protil\u00e1tok proti bunk\u00e1m Langerhansov\u00fdch ostrov\u010dekov (ICA). Za ur\u010dit\u00fdch okolnosti m\u00f4\u017ee by\u0165 pr\u00ednosn\u00e9 aj vy\u0161etrenie imunogenetick\u00fdch znakov (predispozi\u010dn\u00e9 a protekt\u00edvne HLA-alely).<\/li><\/ul>\t\t\t\t\t\t<\/div>\n\t\t\t\t<\/div>\n\t\t\t\t\t<\/div>\n\t\t<\/div>\n\t\t\t\t\t\t\t<\/div>\n\t\t<\/section>\n\t\t\t\t<section class=\"elementor-section elementor-top-section elementor-element elementor-element-f35a4cd elementor-section-boxed elementor-section-height-default elementor-section-height-default\" data-id=\"f35a4cd\" data-element_type=\"section\" data-settings=\"{&quot;_ha_eqh_enable&quot;:false}\">\n\t\t\t\t\t\t<div class=\"elementor-container elementor-column-gap-default\">\n\t\t\t\t\t<div class=\"elementor-column elementor-col-100 elementor-top-column elementor-element elementor-element-a11791c\" data-id=\"a11791c\" data-element_type=\"column\">\n\t\t\t<div class=\"elementor-widget-wrap elementor-element-populated\">\n\t\t\t\t\t\t\t\t<div class=\"elementor-element elementor-element-b7194f0 elementor-widget elementor-widget-heading\" data-id=\"b7194f0\" data-element_type=\"widget\" data-widget_type=\"heading.default\">\n\t\t\t\t<div class=\"elementor-widget-container\">\n\t\t\t<h2 class=\"elementor-heading-title elementor-size-default\">Video porovnanie:\nzdrav\u00e9 kapil\u00e1ry kon\u010dat\u00edn a kapil\u00e1ry po\u0161koden\u00e9 diabetom<\/h2>\t\t<\/div>\n\t\t\t\t<\/div>\n\t\t\t\t\t<\/div>\n\t\t<\/div>\n\t\t\t\t\t\t\t<\/div>\n\t\t<\/section>\n\t\t\t\t<section class=\"elementor-section elementor-top-section elementor-element elementor-element-6eaa6c9 elementor-section-boxed elementor-section-height-default elementor-section-height-default\" data-id=\"6eaa6c9\" data-element_type=\"section\" data-settings=\"{&quot;_ha_eqh_enable&quot;:false}\">\n\t\t\t\t\t\t<div class=\"elementor-container elementor-column-gap-default\">\n\t\t\t\t\t<div class=\"elementor-column elementor-col-100 elementor-top-column elementor-element elementor-element-385fe3c\" data-id=\"385fe3c\" data-element_type=\"column\">\n\t\t\t<div class=\"elementor-widget-wrap elementor-element-populated\">\n\t\t\t\t\t\t\t\t<div class=\"elementor-element elementor-element-23b9bf9 elementor-widget elementor-widget-elementskit-video\" data-id=\"23b9bf9\" data-element_type=\"widget\" data-widget_type=\"elementskit-video.default\">\n\t\t\t\t<div class=\"elementor-widget-container\">\n\t\t\t<div class=\"ekit-wid-con\" >\t\t\t<div class=\"video-content\">\n                <a href=\"https:\/\/www.youtube.com\/embed\/MYwKVM4IcvU?feature=oembed?playlist=MYwKVM4IcvU&#038;mute=0&#038;autoplay=0&#038;loop=no&#038;controls=1&#038;start=0&#038;end=\" class=\"ekit-video-popup ekit-video-popup-btn ekit_icon_button glow-btn\">\n\t\t\t\t\t\t\t\t\t\t\t\t\t\t\t\t<i aria-hidden=\"true\" class=\"icon icon-play\"><\/i>\t\t\t\t\t\t\t\t\t\t                <\/a>\n            <\/div>\n\t\t<\/div>\t\t<\/div>\n\t\t\t\t<\/div>\n\t\t\t\t\t<\/div>\n\t\t<\/div>\n\t\t\t\t\t\t\t<\/div>\n\t\t<\/section>\n\t\t\t\t<section class=\"elementor-section elementor-top-section elementor-element elementor-element-8f18309 elementor-section-boxed elementor-section-height-default elementor-section-height-default\" data-id=\"8f18309\" data-element_type=\"section\" data-settings=\"{&quot;_ha_eqh_enable&quot;:false}\">\n\t\t\t\t\t\t<div class=\"elementor-container elementor-column-gap-default\">\n\t\t\t\t\t<div class=\"elementor-column elementor-col-100 elementor-top-column elementor-element elementor-element-4ae17c5\" data-id=\"4ae17c5\" data-element_type=\"column\">\n\t\t\t<div class=\"elementor-widget-wrap elementor-element-populated\">\n\t\t\t\t\t\t\t\t<div class=\"elementor-element elementor-element-60cac61 elementor-widget elementor-widget-text-editor\" data-id=\"60cac61\" data-element_type=\"widget\" data-widget_type=\"text-editor.default\">\n\t\t\t\t<div class=\"elementor-widget-container\">\n\t\t\t\t\t\t\t<p>DM-1<strong> rozde\u013eujeme na dve formy:<\/strong><\/p><ul><li>Autoimunitne podmienen\u00fd diabetes mellitus 1. typu (v\u00e4\u010d\u0161ina pacientov)<\/li><li>Idiopatick\u00fd diabetes mellitus 1. typu (zriedkav\u00fd, patogen\u00e9za nie je jasn\u00e1)<\/li><\/ul><div><strong>Autoimunitne podmienen\u00fd T1DM sa zvykne bli\u017e\u0161ie \u0161pecifikova\u0165 e\u0161te na dve subformy:<\/strong><\/div>\t\t\t\t\t\t<\/div>\n\t\t\t\t<\/div>\n\t\t\t\t\t<\/div>\n\t\t<\/div>\n\t\t\t\t\t\t\t<\/div>\n\t\t<\/section>\n\t\t\t\t<section class=\"elementor-section elementor-top-section elementor-element elementor-element-2d239bb elementor-section-boxed elementor-section-height-default elementor-section-height-default\" data-id=\"2d239bb\" data-element_type=\"section\" data-settings=\"{&quot;_ha_eqh_enable&quot;:false}\">\n\t\t\t\t\t\t<div class=\"elementor-container elementor-column-gap-default\">\n\t\t\t\t\t<div class=\"elementor-column elementor-col-100 elementor-top-column elementor-element elementor-element-946face\" data-id=\"946face\" data-element_type=\"column\">\n\t\t\t<div class=\"elementor-widget-wrap elementor-element-populated\">\n\t\t\t\t\t\t\t\t<div class=\"elementor-element elementor-element-38f0230 elementor-widget elementor-widget-toggle\" data-id=\"38f0230\" data-element_type=\"widget\" data-widget_type=\"toggle.default\">\n\t\t\t\t<div class=\"elementor-widget-container\">\n\t\t\t<style>\/*! elementor - v3.6.5 - 27-04-2022 *\/\n.elementor-toggle{text-align:left}.elementor-toggle .elementor-tab-title{font-weight:700;line-height:1;margin:0;padding:15px;border-bottom:1px solid #d4d4d4;cursor:pointer;outline:none}.elementor-toggle .elementor-tab-title .elementor-toggle-icon{display:inline-block;width:1em}.elementor-toggle .elementor-tab-title .elementor-toggle-icon svg{-webkit-margin-start:-5px;margin-inline-start:-5px;width:1em;height:1em}.elementor-toggle .elementor-tab-title .elementor-toggle-icon.elementor-toggle-icon-right{float:right;text-align:right}.elementor-toggle .elementor-tab-title .elementor-toggle-icon.elementor-toggle-icon-left{float:left;text-align:left}.elementor-toggle .elementor-tab-title .elementor-toggle-icon .elementor-toggle-icon-closed{display:block}.elementor-toggle .elementor-tab-title .elementor-toggle-icon .elementor-toggle-icon-opened{display:none}.elementor-toggle .elementor-tab-title.elementor-active{border-bottom:none}.elementor-toggle .elementor-tab-title.elementor-active .elementor-toggle-icon-closed{display:none}.elementor-toggle .elementor-tab-title.elementor-active .elementor-toggle-icon-opened{display:block}.elementor-toggle .elementor-tab-content{padding:15px;border-bottom:1px solid #d4d4d4;display:none}@media (max-width:767px){.elementor-toggle .elementor-tab-title{padding:12px}.elementor-toggle .elementor-tab-content{padding:12px 10px}}<\/style>\t\t<div class=\"elementor-toggle\" role=\"tablist\">\n\t\t\t\t\t\t\t<div class=\"elementor-toggle-item\">\n\t\t\t\t\t<div id=\"elementor-tab-title-5971\" class=\"elementor-tab-title\" data-tab=\"1\" role=\"tab\" aria-controls=\"elementor-tab-content-5971\" aria-expanded=\"false\">\n\t\t\t\t\t\t\t\t\t\t\t\t<span class=\"elementor-toggle-icon elementor-toggle-icon-left\" aria-hidden=\"true\">\n\t\t\t\t\t\t\t\t\t\t\t\t\t\t\t<span class=\"elementor-toggle-icon-closed\"><i class=\"fas fa-caret-right\"><\/i><\/span>\n\t\t\t\t\t\t\t\t<span class=\"elementor-toggle-icon-opened\"><i class=\"elementor-toggle-icon-opened fas fa-caret-up\"><\/i><\/span>\n\t\t\t\t\t\t\t\t\t\t\t\t\t<\/span>\n\t\t\t\t\t\t\t\t\t\t\t\t<a href=\"\" class=\"elementor-toggle-title\">A)<\/a>\n\t\t\t\t\t<\/div>\n\n\t\t\t\t\t<div id=\"elementor-tab-content-5971\" class=\"elementor-tab-content elementor-clearfix\" data-tab=\"1\" role=\"tabpanel\" aria-labelledby=\"elementor-tab-title-5971\"><p>Klasick\u00e1 forma s r\u00fdchlym za\u010diatkom a plne rozvinut\u00fdm klinick\u00fdm obrazom u\u017e v \u010dase manifest\u00e1cie<\/p><\/div>\n\t\t\t\t<\/div>\n\t\t\t\t\t\t\t<div class=\"elementor-toggle-item\">\n\t\t\t\t\t<div id=\"elementor-tab-title-5972\" class=\"elementor-tab-title\" data-tab=\"2\" role=\"tab\" aria-controls=\"elementor-tab-content-5972\" aria-expanded=\"false\">\n\t\t\t\t\t\t\t\t\t\t\t\t<span class=\"elementor-toggle-icon elementor-toggle-icon-left\" aria-hidden=\"true\">\n\t\t\t\t\t\t\t\t\t\t\t\t\t\t\t<span class=\"elementor-toggle-icon-closed\"><i class=\"fas fa-caret-right\"><\/i><\/span>\n\t\t\t\t\t\t\t\t<span class=\"elementor-toggle-icon-opened\"><i class=\"elementor-toggle-icon-opened fas fa-caret-up\"><\/i><\/span>\n\t\t\t\t\t\t\t\t\t\t\t\t\t<\/span>\n\t\t\t\t\t\t\t\t\t\t\t\t<a href=\"\" class=\"elementor-toggle-title\">B)<\/a>\n\t\t\t\t\t<\/div>\n\n\t\t\t\t\t<div id=\"elementor-tab-content-5972\" class=\"elementor-tab-content elementor-clearfix\" data-tab=\"2\" role=\"tabpanel\" aria-labelledby=\"elementor-tab-title-5972\"><p>Latentn\u00e1, pomaly sa rozv\u00edjaj\u00faca forma, pri ktorej v \u010dase manifest\u00e1cie obvykle ch\u00fdbaj\u00fa klasick\u00e9 klinick\u00e9 prejavy a mnohokr\u00e1t sa sprvoti \u010dasto chybne diagnostikuje ako T2DM. Na t\u00fato formu v dospelom veku treba akt\u00edvne myslie\u0165.<\/p><\/div>\n\t\t\t\t<\/div>\n\t\t\t\t\t\t\t\t<\/div>\n\t\t\t\t<\/div>\n\t\t\t\t<\/div>\n\t\t\t\t\t<\/div>\n\t\t<\/div>\n\t\t\t\t\t\t\t<\/div>\n\t\t<\/section>\n\t\t\t\t<section class=\"elementor-section elementor-top-section elementor-element elementor-element-9178a72 elementor-section-boxed elementor-section-height-default elementor-section-height-default\" data-id=\"9178a72\" data-element_type=\"section\" data-settings=\"{&quot;_ha_eqh_enable&quot;:false}\">\n\t\t\t\t\t\t<div class=\"elementor-container elementor-column-gap-default\">\n\t\t\t\t\t<div class=\"elementor-column elementor-col-100 elementor-top-column elementor-element elementor-element-a81c932\" data-id=\"a81c932\" data-element_type=\"column\">\n\t\t\t<div class=\"elementor-widget-wrap elementor-element-populated\">\n\t\t\t\t\t\t\t\t<div class=\"elementor-element elementor-element-d72b788 elementor-widget elementor-widget-spacer\" data-id=\"d72b788\" data-element_type=\"widget\" data-widget_type=\"spacer.default\">\n\t\t\t\t<div class=\"elementor-widget-container\">\n\t\t\t<style>\/*! elementor - v3.6.5 - 27-04-2022 *\/\n.e-container.e-container--row .elementor-spacer-inner{width:var(--spacer-size)}.e-container.e-container--column .elementor-spacer-inner,.elementor-column .elementor-spacer-inner{height:var(--spacer-size)}<\/style>\t\t<div class=\"elementor-spacer\">\n\t\t\t<div class=\"elementor-spacer-inner\"><\/div>\n\t\t<\/div>\n\t\t\t\t<\/div>\n\t\t\t\t<\/div>\n\t\t\t\t\t<\/div>\n\t\t<\/div>\n\t\t\t\t\t\t\t<\/div>\n\t\t<\/section>\n\t\t\t\t<section class=\"elementor-section elementor-top-section elementor-element elementor-element-972b5a5 elementor-section-boxed elementor-section-height-default elementor-section-height-default\" data-id=\"972b5a5\" data-element_type=\"section\" data-settings=\"{&quot;_ha_eqh_enable&quot;:false}\">\n\t\t\t\t\t\t<div class=\"elementor-container elementor-column-gap-default\">\n\t\t\t\t\t<div class=\"elementor-column elementor-col-100 elementor-top-column elementor-element elementor-element-b71541e\" data-id=\"b71541e\" data-element_type=\"column\">\n\t\t\t<div class=\"elementor-widget-wrap elementor-element-populated\">\n\t\t\t\t\t\t\t\t<div class=\"elementor-element elementor-element-09b84c9 content-align-cta-default elementor-widget elementor-widget-eael-cta-box\" data-id=\"09b84c9\" data-element_type=\"widget\" data-widget_type=\"eael-cta-box.default\">\n\t\t\t\t<div class=\"elementor-widget-container\">\n\t\t\t\t\t<div class=\"eael-call-to-action cta-basic bg-lite cta-preset-1\">\n        <h2 class=\"title\">Objednajte Sa Na Neinvaz\u00edvne Vy\u0161etrenie U\u017e Dnes<\/h2><p><p>Nav\u0161t\u00edvte n\u00e1s a ziskajte v\u0161etky v\u00fdhody modernej neinvaz\u00edvnej diagnostiky.<\/p><\/p><a href=\"https:\/\/www.ncds.sk\/base\/?page_id=37\" class=\"cta-button  \">Objedna\u0165 sa<\/a>\t<\/div>\n\t\t\t\t\t\t<\/div>\n\t\t\t\t<\/div>\n\t\t\t\t\t<\/div>\n\t\t<\/div>\n\t\t\t\t\t\t\t<\/div>\n\t\t<\/section>\n\t\t\t\t\t\t\t<\/div>\n\t\t","protected":false},"excerpt":{"rendered":"<p>Diabetes mellitus 1. typu | T1DM Diabetes mellitus 1. typu (T1DM) ozna\u010dovan\u00fd aj pojmami \u201einzul\u00edn-dependentn\u00fd\u201c diabetes mellitus (IDDM) alebo \u201ejuveniln\u00fd diabetes mellitus\u201c. T1DM je org\u00e1novo \u0161pecifick\u00e9 autoimunitn\u00e9 ochorenie, v d\u00f4sledku ktor\u00e9ho je bunkami imunitn\u00e9ho syst\u00e9mu sprostredkovan\u00e1 de\u0161trukcia b-buniek Langerhansov\u00fdch ostrov\u010dekov pankreasu.\u00a0 V\u00fdsledkom je insuficiencia alebo a\u017e \u00fapln\u00e9 zlyhanie sekr\u00e9cie inzul\u00ednu. T1DM predstavuje v\u00e1\u017ene ochorenie, nako\u013eko v d\u00f4sledku komplik\u00e1ci\u00ed v\u00fdznamne zvy\u0161uje morbiditu, mortalitu a zhor\u0161uje kvalitu \u017eivota pacientov. Sprievodn\u00e9 komplik\u00e1cie postihuj\u00fa prakticky cel\u00fd organizmus. Naj\u010dastej\u0161ie komplik\u00e1cie s\u00favisia s postihnut\u00edm ciev a del\u00edme ich na mikrovaskul\u00e1rne (retinopatia, nefropatia, neuropatia) a makrovaskul\u00e1rne (ischemick\u00e1 choroba srdca, mozgu a doln\u00fdch kon\u010dat\u00edn). Pre pacientov postihnut\u00fdch patol\u00f3giou\u2026<\/p>\n","protected":false},"author":1,"featured_media":0,"parent":193,"menu_order":0,"comment_status":"closed","ping_status":"closed","template":"","meta":{"footnotes":""},"class_list":["post-290","page","type-page","status-publish","hentry"],"blocksy_meta":{"styles_descriptor":{"styles":{"desktop":"","tablet":"","mobile":""},"google_fonts":[],"version":5}},"_links":{"self":[{"href":"https:\/\/www.ncds.sk\/base\/index.php?rest_route=\/wp\/v2\/pages\/290","targetHints":{"allow":["GET"]}}],"collection":[{"href":"https:\/\/www.ncds.sk\/base\/index.php?rest_route=\/wp\/v2\/pages"}],"about":[{"href":"https:\/\/www.ncds.sk\/base\/index.php?rest_route=\/wp\/v2\/types\/page"}],"author":[{"embeddable":true,"href":"https:\/\/www.ncds.sk\/base\/index.php?rest_route=\/wp\/v2\/users\/1"}],"replies":[{"embeddable":true,"href":"https:\/\/www.ncds.sk\/base\/index.php?rest_route=%2Fwp%2Fv2%2Fcomments&post=290"}],"version-history":[{"count":10,"href":"https:\/\/www.ncds.sk\/base\/index.php?rest_route=\/wp\/v2\/pages\/290\/revisions"}],"predecessor-version":[{"id":355,"href":"https:\/\/www.ncds.sk\/base\/index.php?rest_route=\/wp\/v2\/pages\/290\/revisions\/355"}],"up":[{"embeddable":true,"href":"https:\/\/www.ncds.sk\/base\/index.php?rest_route=\/wp\/v2\/pages\/193"}],"wp:attachment":[{"href":"https:\/\/www.ncds.sk\/base\/index.php?rest_route=%2Fwp%2Fv2%2Fmedia&parent=290"}],"curies":[{"name":"wp","href":"https:\/\/api.w.org\/{rel}","templated":true}]}}